{"id":17,"date":"2016-12-12T10:50:42","date_gmt":"2016-12-12T09:50:42","guid":{"rendered":"https:\/\/www.anerie.com\/web\/?page_id=17"},"modified":"2026-01-06T13:23:41","modified_gmt":"2026-01-06T12:23:41","slug":"module-anier-general","status":"publish","type":"page","link":"https:\/\/www.anerie.com\/web\/formations\/module-anier-general\/","title":{"rendered":"Module \u00c2nier G\u00e9n\u00e9ral"},"content":{"rendered":"<h3><span style=\"color: #ff6600;\">&nbsp;&lsquo;Le tour de l&rsquo;\u00e2ne en 5 jours&rsquo;&nbsp; :&nbsp; &nbsp;16-20 mars 2026<\/span><\/h3>\n<p>Indispensable pour qui d\u00e9sire bien conna\u00eetre l&rsquo;\u00e2ne d\u00e8s le d\u00e9but et ainsi \u00e9viter t\u00e2tonnements et erreurs.<\/p>\n<p>Ce stage s\u2019adresse autant \u00e0 des d\u00e9butants qu\u2019\u00e0 ceux qui ont un projet professionnel incluant l&rsquo;\u00e2ne, avec au programme : Qui est l&rsquo;\u00e2ne, conditions de bonne sant\u00e9, comportement et \u00e9ducation. Que faire avec et comment s&rsquo;y prendre.<\/p>\n<p><img loading=\"lazy\" decoding=\"async\" class=\"alignnone size-medium wp-image-112 aligncenter\" src=\"https:\/\/www.anerie.com\/web\/wp-content\/uploads\/2016\/12\/dessin-ane-ecolier-300x251.jpg\" alt=\"\" width=\"300\" height=\"251\" srcset=\"https:\/\/www.anerie.com\/web\/wp-content\/uploads\/2016\/12\/dessin-ane-ecolier-300x251.jpg 300w, https:\/\/www.anerie.com\/web\/wp-content\/uploads\/2016\/12\/dessin-ane-ecolier.jpg 626w\" sizes=\"auto, (max-width: 300px) 100vw, 300px\" \/><\/p>\n<p><strong><span style=\"color: #ff6600;\">Programme d\u00e9taill\u00e9 :<\/span><\/strong><\/p>\n<p><strong>Lundi avec <span style=\"color: #0000ff;\">Martine<\/span>, <span style=\"color: #ff6600;\">sur l&rsquo;\u00e2ne<\/span>, son corps et ce qu&rsquo;il a entre les oreilles :<\/strong><\/p>\n<ul>\n<li style=\"list-style-type: none;\">\n<ul>\n<li>Anatomie et physiologie : forces, faiblesses et leurs cons\u00e9quences sur la sant\u00e9, le comportement et les utilisations. Digestion, alimentation et nourriture. Reproduction (particularit\u00e9s) et cons\u00e9quences comportementales.<\/li>\n<li>Les sens : comment nous il nous per\u00e7oit et cons\u00e9quences.<\/li>\n<\/ul>\n<\/li>\n<li>Entretien, soins, parasites (quoi, comment, quand, pourquoi). Conditions de bonne sant\u00e9.<\/li>\n<li>L\u2019achat (quel \u00e2ne, pour qui, pour quoi, o\u00f9).<\/li>\n<li>Ethologie (bases du comportement et leurs causes).<\/li>\n<\/ul>\n<p>Le comportement et l&rsquo;\u00e9ducation de l&rsquo;\u00e2ne sont aussi et surtout trait\u00e9s chaque jour \u00e0 la moindre occasion avec les diff\u00e9rents intervenants !<\/p>\n<p>\u00ab\u00a0Paperasses\u00a0\u00bb avec <span style=\"color: #0000ff;\"><strong>Martine : <\/strong><\/span>2h en fin de journ\u00e9e le mardi, mercredi ou jeudi<strong> :<\/strong><\/p>\n<ul>\n<li>Obligations et libert\u00e9s l\u00e9gales. Assurances. Se d\u00e9clarer, pourquoi, comment. etc&#8230;<\/li>\n<li>&lsquo;le monde de l&rsquo;\u00e2ne&rsquo; (associations, f\u00e9d\u00e9rations, ind\u00e9pendants, personnalit\u00e9s, etc)<\/li>\n<li>pr\u00e9cisions sur le mat\u00e9riel (b\u00e2ts, licols, selles).<\/li>\n<\/ul>\n<p><strong>Mardi <\/strong>: \u00e9ducation &lsquo;sp\u00e9cialis\u00e9e&rsquo; avec <span style=\"color: #0000ff;\"><b>Chantal (Lumi\u00e8re d&rsquo;\u00c2nes)<\/b><\/span>&nbsp;pour &lsquo;caresser dans le sens &lsquo;des plumes&rsquo; \ud83d\ude09 avec exercices pratiques.<\/p>\n<p><img loading=\"lazy\" decoding=\"async\" class=\" wp-image-501 aligncenter\" src=\"https:\/\/www.anerie.com\/web\/wp-content\/uploads\/2019\/07\/Flo-naseaux-295x300.jpg\" alt=\"\" width=\"178\" height=\"181\" srcset=\"https:\/\/www.anerie.com\/web\/wp-content\/uploads\/2019\/07\/Flo-naseaux-295x300.jpg 295w, https:\/\/www.anerie.com\/web\/wp-content\/uploads\/2019\/07\/Flo-naseaux-768x782.jpg 768w, https:\/\/www.anerie.com\/web\/wp-content\/uploads\/2019\/07\/Flo-naseaux-1006x1024.jpg 1006w, https:\/\/www.anerie.com\/web\/wp-content\/uploads\/2019\/07\/Flo-naseaux-80x80.jpg 80w\" sizes=\"auto, (max-width: 178px) 100vw, 178px\" \/><\/p>\n<p><strong>Mercredi matin : <span style=\"color: #0000ff;\">Myriam<\/span>, <span style=\"color: #ff0000;\">dentiste \u00e9quin<\/span>, vous dit tout sur les dents de l&rsquo;\u00e2ne qui poussent toute leur vie, comme chez le lapin&#8230;<\/strong><\/p>\n<p><strong>Mercredi apr\u00e8s midi, c&rsquo;est<span style=\"color: #0000ff;\"> Nicolas<\/span> le <span style=\"color: #ff0000;\">mar\u00e9chal-ferrant :<\/span><\/strong><\/p>\n<ul>\n<li>Anatomie, soins, entretien du pied. Les probl\u00e8mes &lsquo;classiques&rsquo;, leurs causes et les pr\u00e9ventions.<\/li>\n<li>Prendre (et voir comment parer) les 4 (!) pieds sans prendre de risque pour soi et sans faire mal \u00e0 l&rsquo;\u00e2ne.<\/li>\n<\/ul>\n<p><img loading=\"lazy\" decoding=\"async\" class=\"wp-image-117 aligncenter\" src=\"https:\/\/www.anerie.com\/web\/wp-content\/uploads\/2016\/12\/2-pieds-300x300.jpg\" alt=\"\" width=\"188\" height=\"188\" srcset=\"https:\/\/www.anerie.com\/web\/wp-content\/uploads\/2016\/12\/2-pieds-300x300.jpg 300w, https:\/\/www.anerie.com\/web\/wp-content\/uploads\/2016\/12\/2-pieds-150x150.jpg 150w, https:\/\/www.anerie.com\/web\/wp-content\/uploads\/2016\/12\/2-pieds-768x768.jpg 768w, https:\/\/www.anerie.com\/web\/wp-content\/uploads\/2016\/12\/2-pieds-1024x1024.jpg 1024w, https:\/\/www.anerie.com\/web\/wp-content\/uploads\/2016\/12\/2-pieds-230x230.jpg 230w, https:\/\/www.anerie.com\/web\/wp-content\/uploads\/2016\/12\/2-pieds-80x80.jpg 80w\" sizes=\"auto, (max-width: 188px) 100vw, 188px\" \/><\/p>\n<p><strong>Jeudi avec Franz et Val\u00e9rie, ou chez Mag de Rand&rsquo;O Pas d&rsquo;\u00c2ne 46 : la <span style=\"color: #ff6600;\">randonn\u00e9e b\u00e2t\u00e9e<\/span><\/strong><\/p>\n<ul>\n<li>Th\u00e9orie sur la rando (organisation de balades et de randos)<\/li>\n<li>Explication de carte au 1\/25000<\/li>\n<li>Diff\u00e9rents b\u00e2ts pour diff\u00e9rents portages. Comment bien b\u00e2ter en respectant l&rsquo;\u00e2ne.<\/li>\n<li>Balade \u00ab\u00a0pour de vrai\u00a0\u00bb avec des \u00e2nes b\u00e2t\u00e9s, le pique-nique et les commentaires !<\/li>\n<\/ul>\n<p><img loading=\"lazy\" decoding=\"async\" class=\"alignnone size-medium wp-image-141 aligncenter\" src=\"https:\/\/www.anerie.com\/web\/wp-content\/uploads\/2016\/12\/pansage-RandOpasd\u00e2-300x147.jpg\" alt=\"\" width=\"300\" height=\"147\" srcset=\"https:\/\/www.anerie.com\/web\/wp-content\/uploads\/2016\/12\/pansage-RandOpasd\u00e2-300x147.jpg 300w, https:\/\/www.anerie.com\/web\/wp-content\/uploads\/2016\/12\/pansage-RandOpasd\u00e2-768x377.jpg 768w, https:\/\/www.anerie.com\/web\/wp-content\/uploads\/2016\/12\/pansage-RandOpasd\u00e2-1024x503.jpg 1024w, https:\/\/www.anerie.com\/web\/wp-content\/uploads\/2016\/12\/pansage-RandOpasd\u00e2.jpg 1920w\" sizes=\"auto, (max-width: 300px) 100vw, 300px\" \/><\/p>\n<p>pansage \u00e0 Rand&rsquo;O pas d&rsquo;\u00c2ne avant la balade<\/p>\n<p><img loading=\"lazy\" decoding=\"async\" class=\"alignnone size-medium wp-image-462\" src=\"https:\/\/www.anerie.com\/web\/wp-content\/uploads\/2018\/04\/les-9-ds-vall\u00e9e-300x177.jpg\" alt=\"\" width=\"300\" height=\"177\" srcset=\"https:\/\/www.anerie.com\/web\/wp-content\/uploads\/2018\/04\/les-9-ds-vall\u00e9e-300x177.jpg 300w, https:\/\/www.anerie.com\/web\/wp-content\/uploads\/2018\/04\/les-9-ds-vall\u00e9e-768x454.jpg 768w, https:\/\/www.anerie.com\/web\/wp-content\/uploads\/2018\/04\/les-9-ds-vall\u00e9e-1024x606.jpg 1024w, https:\/\/www.anerie.com\/web\/wp-content\/uploads\/2018\/04\/les-9-ds-vall\u00e9e.jpg 1209w\" sizes=\"auto, (max-width: 300px) 100vw, 300px\" \/>pique nique pour les \u00e2nes aussi, dans la vall\u00e9e<\/p>\n<p><strong>Vendredi avec <span style=\"color: #0000ff;\">Daniel<\/span> (Bard\u2019\u00e2ne 46) sur <span style=\"color: #ff6600;\">l&rsquo;attelage<\/span><\/strong><\/p>\n<ul>\n<li>D\u00e9couverte et pratique de l&rsquo;attelage (en simple, en bricole et \u00e0 2 roues)<\/li>\n<li>Principes de base pour mettre un \u00e2ne \u00e0 l&rsquo;attelage (travail en longues r\u00eanes)<\/li>\n<\/ul>\n<p><img loading=\"lazy\" decoding=\"async\" class=\" wp-image-159 aligncenter\" src=\"https:\/\/www.anerie.com\/web\/wp-content\/uploads\/2016\/12\/euh...-300x213.jpg\" alt=\"\" width=\"237\" height=\"168\" srcset=\"https:\/\/www.anerie.com\/web\/wp-content\/uploads\/2016\/12\/euh...-300x213.jpg 300w, https:\/\/www.anerie.com\/web\/wp-content\/uploads\/2016\/12\/euh...-768x546.jpg 768w, https:\/\/www.anerie.com\/web\/wp-content\/uploads\/2016\/12\/euh...-1024x727.jpg 1024w\" sizes=\"auto, (max-width: 237px) 100vw, 237px\" \/><\/p>\n<p style=\"text-align: center;\"><em>euh&#8230;<br \/>\n<\/em><\/p>\n<p style=\"text-align: center;\"><img loading=\"lazy\" decoding=\"async\" class=\"alignnone wp-image-398\" src=\"https:\/\/www.anerie.com\/web\/wp-content\/uploads\/2017\/03\/2-att-300x232.jpg\" alt=\"\" width=\"237\" height=\"183\" srcset=\"https:\/\/www.anerie.com\/web\/wp-content\/uploads\/2017\/03\/2-att-300x232.jpg 300w, https:\/\/www.anerie.com\/web\/wp-content\/uploads\/2017\/03\/2-att-768x595.jpg 768w, https:\/\/www.anerie.com\/web\/wp-content\/uploads\/2017\/03\/2-att-1024x793.jpg 1024w, https:\/\/www.anerie.com\/web\/wp-content\/uploads\/2017\/03\/2-att.jpg 1705w\" sizes=\"auto, (max-width: 237px) 100vw, 237px\" \/><\/p>\n<p>&nbsp; &nbsp; &nbsp; &nbsp; &nbsp; &nbsp; &nbsp; &nbsp; &nbsp; &nbsp; &nbsp; &nbsp; &nbsp; &nbsp; &nbsp; &nbsp; &nbsp; &nbsp; &nbsp; &nbsp; &nbsp; &nbsp; &nbsp; &nbsp; &nbsp; &nbsp; &nbsp; &nbsp; &nbsp; &nbsp; &nbsp; &nbsp; &nbsp; &nbsp; &nbsp; &nbsp; &nbsp; &nbsp; &nbsp; &nbsp; ahhh&#8230;<\/p>\n<p>Et pour celles et ceux qui font durer le plaisir : <strong>Samedi matin, courses gourmandes<\/strong> (vin de Cahors, canard gras, foie gras, saucisse s\u00e8che ou fra\u00eeche, Pastis (c&rsquo;est un g\u00e2teau !), etc) en ville et\/ou au march\u00e9 de CAHORS devant la cath\u00e9drale dont on a f\u00eat\u00e9 les 900 ans en 2019 \ud83d\ude42<\/p>\n<p><img loading=\"lazy\" decoding=\"async\" class=\"size-medium wp-image-414 aligncenter\" src=\"https:\/\/www.anerie.com\/web\/wp-content\/uploads\/2017\/11\/marche_colore_de_cahors_c_go-production.com_-300x169.jpg\" alt=\"\" width=\"300\" height=\"169\" srcset=\"https:\/\/www.anerie.com\/web\/wp-content\/uploads\/2017\/11\/marche_colore_de_cahors_c_go-production.com_-300x169.jpg 300w, https:\/\/www.anerie.com\/web\/wp-content\/uploads\/2017\/11\/marche_colore_de_cahors_c_go-production.com_-768x432.jpg 768w, https:\/\/www.anerie.com\/web\/wp-content\/uploads\/2017\/11\/marche_colore_de_cahors_c_go-production.com_-1024x576.jpg 1024w, https:\/\/www.anerie.com\/web\/wp-content\/uploads\/2017\/11\/marche_colore_de_cahors_c_go-production.com_.jpg 1200w\" sizes=\"auto, (max-width: 300px) 100vw, 300px\" \/><\/p>\n","protected":false},"excerpt":{"rendered":"<p>D\u00e9couvrir le monde de l&rsquo;\u00e2ne, se sp\u00e9cialiser, se professionnaliser, choisissez votre formation.<\/p>\n","protected":false},"author":1,"featured_media":59,"parent":182,"menu_order":0,"comment_status":"closed","ping_status":"closed","template":"","meta":{"ngg_post_thumbnail":0,"footnotes":""},"class_list":["post-17","page","type-page","status-publish","has-post-thumbnail","hentry"],"aioseo_notices":[],"_links":{"self":[{"href":"https:\/\/www.anerie.com\/web\/wp-json\/wp\/v2\/pages\/17","targetHints":{"allow":["GET"]}}],"collection":[{"href":"https:\/\/www.anerie.com\/web\/wp-json\/wp\/v2\/pages"}],"about":[{"href":"https:\/\/www.anerie.com\/web\/wp-json\/wp\/v2\/types\/page"}],"author":[{"embeddable":true,"href":"https:\/\/www.anerie.com\/web\/wp-json\/wp\/v2\/users\/1"}],"replies":[{"embeddable":true,"href":"https:\/\/www.anerie.com\/web\/wp-json\/wp\/v2\/comments?post=17"}],"version-history":[{"count":58,"href":"https:\/\/www.anerie.com\/web\/wp-json\/wp\/v2\/pages\/17\/revisions"}],"predecessor-version":[{"id":958,"href":"https:\/\/www.anerie.com\/web\/wp-json\/wp\/v2\/pages\/17\/revisions\/958"}],"up":[{"embeddable":true,"href":"https:\/\/www.anerie.com\/web\/wp-json\/wp\/v2\/pages\/182"}],"wp:featuredmedia":[{"embeddable":true,"href":"https:\/\/www.anerie.com\/web\/wp-json\/wp\/v2\/media\/59"}],"wp:attachment":[{"href":"https:\/\/www.anerie.com\/web\/wp-json\/wp\/v2\/media?parent=17"}],"curies":[{"name":"wp","href":"https:\/\/api.w.org\/{rel}","templated":true}]}}